{"id":1201,"date":"2026-03-14T14:22:35","date_gmt":"2026-03-14T14:22:35","guid":{"rendered":"https:\/\/thewoodshop.nu\/?post_type=twsdir_product&#038;p=1201"},"modified":"2026-04-06T08:51:12","modified_gmt":"2026-04-06T08:51:12","slug":"yvonne-altanmobel","status":"publish","type":"twsdir_product","link":"https:\/\/thewoodshop.nu\/index.php\/product\/yvonne-altanmobel\/","title":{"rendered":"Yvonne, altanm\u00f6bel"},"content":{"rendered":"\n<div class=\"wp-block-columns alignfull is-layout-flex wp-container-core-columns-is-layout-28f84493 wp-block-columns-is-layout-flex\">\n<div class=\"wp-block-column is-layout-flow wp-block-column-is-layout-flow\" style=\"flex-basis:66.66%\">\n<div class=\"alignnormal\"><div id=\"metaslider-id-1323\" style=\"width: 100%;\" class=\"ml-slider-3-108-0 metaslider metaslider-flex metaslider-1323 ml-slider has-dots-nav ml-slider-lightbox-2-23-0 metaslider-gallery-2-23-0 ms-theme-bitono\" role=\"region\" aria-label=\"Yvonne, blomsterhylla\" data-height=\"450\" data-width=\"700\">\n    <div id=\"metaslider_container_1323\">\n        <div id=\"metaslider_1323\">\n            <ul aria-live='polite' class='slides'>\n                <li style=\"display: block; width: 100%;\" class=\"slide-1324 ms-image \" aria-roledescription=\"slide\" data-date=\"2026-04-04 14:29:11\" data-filename=\"Yvonne-altanmobel-700x450.png\" data-slide-type=\"image\"><img loading=\"lazy\" decoding=\"async\" src=\"https:\/\/thewoodshop.nu\/wp-content\/uploads\/2026\/03\/Yvonne-altanmobel-700x450.png\" height=\"450\" width=\"700\" alt=\"\" class=\"slider-1323 slide-1324 msDefaultImage\" title=\"Yvonne altanm\u00f6bel\" \/><\/li>\n                <li style=\"display: none; width: 100%;\" class=\"slide-1325 ms-image \" aria-roledescription=\"slide\" data-date=\"2026-04-04 14:29:53\" data-filename=\"Plantering-1-scaled-700x450.jpg\" data-slide-type=\"image\"><img loading=\"lazy\" decoding=\"async\" src=\"https:\/\/thewoodshop.nu\/wp-content\/uploads\/2026\/03\/Plantering-1-scaled-700x450.jpg\" height=\"450\" width=\"700\" alt=\"\" class=\"slider-1323 slide-1325 msDefaultImage\" title=\"Plantering 1\" \/><\/li>\n                <li style=\"display: none; width: 100%;\" class=\"slide-1326 ms-image \" aria-roledescription=\"slide\" data-date=\"2026-04-04 14:30:04\" data-filename=\"IMG_0574-scaled-700x450.jpg\" data-slide-type=\"image\"><img loading=\"lazy\" decoding=\"async\" src=\"https:\/\/thewoodshop.nu\/wp-content\/uploads\/2026\/03\/IMG_0574-scaled-700x450.jpg\" height=\"450\" width=\"700\" alt=\"\" class=\"slider-1323 slide-1326 msDefaultImage\" title=\"IMG_0574\" \/><\/li>\n            <\/ul>\n        <\/div>\n        \n    <\/div>\n<\/div><\/div>\n<\/div>\n\n\n\n<div class=\"wp-block-column has-base-2-background-color has-background is-layout-flow wp-block-column-is-layout-flow\" style=\"border-width:1px;padding-top:var(--wp--preset--spacing--10);padding-right:var(--wp--preset--spacing--10);padding-bottom:var(--wp--preset--spacing--10);padding-left:var(--wp--preset--spacing--10);flex-basis:33.33%\">\n<blockquote class=\"wp-block-quote is-layout-flow wp-block-quote-is-layout-flow\">\n<p class=\"has-text-align-center\">Med Yvonne \u00e4r det sommar \u00e4ven en regnig dag.<\/p>\n<\/blockquote>\n\n\n\n<p class=\"has-base-background-color has-background\" style=\"padding-right:var(--wp--preset--spacing--20);padding-left:var(--wp--preset--spacing--20)\">Blomsterhyllan <strong>Yvonne<\/strong> \u00e4r formgiven f\u00f6r att lyfta b\u00e5de altan och tr\u00e4dg\u00e5rd med sin tidl\u00f6sa form och smarta konstruktion i flera niv\u00e5er. Perfekt f\u00f6r dig som vill skapa en gr\u00f6n oas p\u00e5 altanen, i tr\u00e4dg\u00e5rden eller den lilla gr\u00f6nytan. Och oavsett om du planterar f\u00e4rgsprakande sommarblommor, kryddor eller dekorativa v\u00e4xter.<br><br>Med sin robusta konstruktion passar den lika bra i moderna milj\u00f6er som i mer klassiska tr\u00e4dg\u00e5rdar. De upph\u00f6jda l\u00e5dorna ger inte bara ett snyggt visuellt uttryck, utan g\u00f6r det ocks\u00e5 enklare att plantera och sk\u00f6ta om v\u00e4xterna utan att beh\u00f6va b\u00f6ja dig.<br><br><strong>Yvonne<\/strong> \u00e4r inte bara en blomsterhylla, den \u00e4r en m\u00f6jligg\u00f6rare f\u00f6r ditt sommarliv, ute. S\u00e5 l\u00e5t dina v\u00e4xter ta plats och skapa en trivsam atmosf\u00e4r d\u00e4r du spenderar alla fina sommarkv\u00e4llar.<\/p>\n\n\n\n<ul style=\"margin-right:0;margin-left:0;padding-top:var(--wp--preset--spacing--10);padding-right:var(--wp--preset--spacing--10);padding-bottom:var(--wp--preset--spacing--10);padding-left:var(--wp--preset--spacing--10)\" class=\"wp-block-list has-base-background-color has-background\">\n<li style=\"margin-right:var(--wp--preset--spacing--10);margin-left:var(--wp--preset--spacing--10)\">Pris: 3 000 kr<\/li>\n\n\n\n<li style=\"margin-right:var(--wp--preset--spacing--10);margin-left:var(--wp--preset--spacing--10)\">M\u00e5tt (cm): B 90 H 50 (120) D 50<\/li>\n\n\n\n<li style=\"margin-right:var(--wp--preset--spacing--10);margin-left:var(--wp--preset--spacing--10)\">Material: Gran<\/li>\n\n\n\n<li style=\"margin-right:var(--wp--preset--spacing--10);margin-left:var(--wp--preset--spacing--10)\">Behandling: Obehandlad<\/li>\n\n\n\n<li style=\"margin-right:var(--wp--preset--spacing--10);margin-left:var(--wp--preset--spacing--10)\">Vill du ha andra m\u00e5tt eller behandling kan vi f\u00f6rmodligen l\u00f6sa det. Fr\u00e5ga!<\/li>\n<\/ul>\n<\/div>\n<\/div>\n","protected":false},"featured_media":1205,"template":"","meta":[],"object-type":[],"object-function":[48],"class_list":["post-1201","twsdir_product","type-twsdir_product","status-publish","has-post-thumbnail","hentry","object-function-tradgard"],"_links":{"self":[{"href":"https:\/\/thewoodshop.nu\/index.php\/wp-json\/wp\/v2\/twsdir_product\/1201","targetHints":{"allow":["GET"]}}],"collection":[{"href":"https:\/\/thewoodshop.nu\/index.php\/wp-json\/wp\/v2\/twsdir_product"}],"about":[{"href":"https:\/\/thewoodshop.nu\/index.php\/wp-json\/wp\/v2\/types\/twsdir_product"}],"wp:featuredmedia":[{"embeddable":true,"href":"https:\/\/thewoodshop.nu\/index.php\/wp-json\/wp\/v2\/media\/1205"}],"wp:attachment":[{"href":"https:\/\/thewoodshop.nu\/index.php\/wp-json\/wp\/v2\/media?parent=1201"}],"wp:term":[{"taxonomy":"object-type","embeddable":true,"href":"https:\/\/thewoodshop.nu\/index.php\/wp-json\/wp\/v2\/object-type?post=1201"},{"taxonomy":"object-function","embeddable":true,"href":"https:\/\/thewoodshop.nu\/index.php\/wp-json\/wp\/v2\/object-function?post=1201"}],"curies":[{"name":"wp","href":"https:\/\/api.w.org\/{rel}","templated":true}]}}

Yvonne, altanmöbel

<div class="wp-block-columns alignfull is-layout-flex wp-container-core-columns-is-layout-28f84493 wp-block-columns-is-layout-flex">
<div class="wp-block-column is-layout-flow wp-block-column-is-layout-flow" style="flex-basis:66.66%">
<div class="alignnormal"><div id="metaslider-id-1323" style="width: 100%;" class="ml-slider-3-108-0 metaslider metaslider-flex metaslider-1323 ml-slider has-dots-nav ml-slider-lightbox-2-23-0 metaslider-gallery-2-23-0 ms-theme-bitono" role="region" aria-label="Yvonne, blomsterhylla" data-height="450" data-width="700">
    <div id="metaslider_container_1323">
        <div id="metaslider_1323">
            <ul aria-live='polite' class='slides'>
                <li style="display: block; width: 100%;" class="slide-1324 ms-image " aria-roledescription="slide" data-date="2026-04-04 14:29:11" data-filename="Yvonne-altanmobel-700x450.png" data-slide-type="image"><img loading="lazy" decoding="async" src="https://thewoodshop.nu/wp-content/uploads/2026/03/Yvonne-altanmobel-700x450.png" height="450" width="700" alt="" class="slider-1323 slide-1324 msDefaultImage" title="Yvonne altanmöbel" /></li>
                <li style="display: none; width: 100%;" class="slide-1325 ms-image " aria-roledescription="slide" data-date="2026-04-04 14:29:53" data-filename="Plantering-1-scaled-700x450.jpg" data-slide-type="image"><img loading="lazy" decoding="async" src="https://thewoodshop.nu/wp-content/uploads/2026/03/Plantering-1-scaled-700x450.jpg" height="450" width="700" alt="" class="slider-1323 slide-1325 msDefaultImage" title="Plantering 1" /></li>
                <li style="display: none; width: 100%;" class="slide-1326 ms-image " aria-roledescription="slide" data-date="2026-04-04 14:30:04" data-filename="IMG_0574-scaled-700x450.jpg" data-slide-type="image"><img loading="lazy" decoding="async" src="https://thewoodshop.nu/wp-content/uploads/2026/03/IMG_0574-scaled-700x450.jpg" height="450" width="700" alt="" class="slider-1323 slide-1326 msDefaultImage" title="IMG_0574" /></li>
            </ul>
        </div>
        
    </div>
</div></div>
</div>



<div class="wp-block-column has-base-2-background-color has-background is-layout-flow wp-block-column-is-layout-flow" style="border-width:1px;padding-top:var(--wp--preset--spacing--10);padding-right:var(--wp--preset--spacing--10);padding-bottom:var(--wp--preset--spacing--10);padding-left:var(--wp--preset--spacing--10);flex-basis:33.33%">
<blockquote class="wp-block-quote is-layout-flow wp-block-quote-is-layout-flow">
<p class="has-text-align-center">Med Yvonne är det sommar även en regnig dag.</p>
</blockquote>



<p class="has-base-background-color has-background" style="padding-right:var(--wp--preset--spacing--20);padding-left:var(--wp--preset--spacing--20)">Blomsterhyllan <strong>Yvonne</strong> är formgiven för att lyfta både altan och trädgård med sin tidlösa form och smarta konstruktion i flera nivåer. Perfekt för dig som vill skapa en grön oas på altanen, i trädgården eller den lilla grönytan. Och oavsett om du planterar färgsprakande sommarblommor, kryddor eller dekorativa växter.<br><br>Med sin robusta konstruktion passar den lika bra i moderna miljöer som i mer klassiska trädgårdar. De upphöjda lådorna ger inte bara ett snyggt visuellt uttryck, utan gör det också enklare att plantera och sköta om växterna utan att behöva böja dig.<br><br><strong>Yvonne</strong> är inte bara en blomsterhylla, den är en möjliggörare för ditt sommarliv, ute. Så låt dina växter ta plats och skapa en trivsam atmosfär där du spenderar alla fina sommarkvällar.</p>



<ul style="margin-right:0;margin-left:0;padding-top:var(--wp--preset--spacing--10);padding-right:var(--wp--preset--spacing--10);padding-bottom:var(--wp--preset--spacing--10);padding-left:var(--wp--preset--spacing--10)" class="wp-block-list has-base-background-color has-background">
<li style="margin-right:var(--wp--preset--spacing--10);margin-left:var(--wp--preset--spacing--10)">Pris: 3 000 kr</li>



<li style="margin-right:var(--wp--preset--spacing--10);margin-left:var(--wp--preset--spacing--10)">Mått (cm): B 90 H 50 (120) D 50</li>



<li style="margin-right:var(--wp--preset--spacing--10);margin-left:var(--wp--preset--spacing--10)">Material: Gran</li>



<li style="margin-right:var(--wp--preset--spacing--10);margin-left:var(--wp--preset--spacing--10)">Behandling: Obehandlad</li>



<li style="margin-right:var(--wp--preset--spacing--10);margin-left:var(--wp--preset--spacing--10)">Vill du ha andra mått eller behandling kan vi förmodligen lösa det. Fråga!</li>
</ul>
</div>
</div>
